+ -2.
-29
What is -18 + 17 + (-44 - -15)?
-30
4 + (-3 - -29) + (346 - 354)
22
What is the value of ((1 - 2) + 1 - -2) + -10 + -1?
-9
Calculate 0 + -14 - (-10 + 2).
-6
What is the value of 21 - 4 - (-3 - 3) - (2 + 1)?
20
13 + 6 - (22 - 16)
13
Calculate -33 + 12 + 13 - -9.
1
What is (5 + -18 + 8 - (-1 + -11)) + 6?
13
Calculate -9 + 12 + (96 - 70).
29
What is -10 + -17 + 18 + -10 - 3?
-22
Calculate 11 + 5 + -1 + -18.
-3
What is 17 + 35 + -49 + (-6 - -3 - -6)?
6
What is the value of 33 + -2 + (3 - (24 + -14))?
24
Evaluate 8 + 0 + -11 + (-1 - -7) + -2.
1
Calculate (2 - 7) + (-8 + 1 + 11 - 5).
-6
What is the value of 31 + -5 + -36 + 38?
28
What is the value of (-30 - -6) + -4 + (0 - 1 - 0)?
-29
Evaluate (55 - 88) + 30 - (-27 + 1 + -2).
25
Evaluate 9 + (-1 + -2 - -7 - (40 - 0)).
-27
Calculate 6 - (-11 + 7 + 11) - 8.
-9
What is the value of (7 - 4) + 15 + -46 - -9?
-19
Evaluate -6 + (138 - 134 - (-1 + 0)).
-1
What is the value of (-3 - 12) + (-8 - (-43 - -29))?
-9
What is 6 + (3 - 18) + 4 + (-2 - -9)?
2
Calculate -50 + 50 - (7 + 2 - 1).
-8
Calculate (42 - 85) + 8 + 0 - -11.
-24
Evaluate -8 - (-5 + -7 + -3 + 3).
4
What is (-6 - 1 - -2) + -2 + -6 + 5?
-8
3 + 1 + -1 + -4 + 12 + 1
12
What is the value of (0 - -1) + -181 + 198?
18
-13 + 4 + 10 + -3
-2
What is the value of 5 - 1 - (54 - (48 - -32))?
30
What is the value of -11 + -3 + 10 + (-2 + 3 - 6)?
-9
What is the value of 3 + (-14 + (22 - -2) - (0 + 6))?
7
What is 19 + -31 + 7 - 2?
-7
Evaluate 0 + -8 - (21 + -19 + 0).
-10
What is the value of 5 + -11 + 165 + -137?
22
Evaluate (0 - 4) + (-499 - -486).
-17
Calculate (6 + 8 - (-60 + 62)) + -2.
10
Evaluate 2 + -1 - (0 + (-8 - -16)).
-7
-5 + 6 + -6 - (5 + 0)
-10
Calculate 30 - (37 + 6) - -31.
18
Calculate (25 - 48) + -1 + 9.
-15
What is the value of -18 + (4 - -11) + 6?
3
Calculate (-19 - -27) + (-8 - 2).
-2
(-46 - -38) + (3 - -16 - -2)
13
What is the value of 2 - 13 - (-12 - 0)?
1
Calculate (-1 - -4) + (6 - (-15 + -7)) + -4.
27
2 + 20 + -34 + 43
31
Calculate -5 + 1 + (-35 - -37) - 8.
-10
2 + (-25 - -8) + -4 + -3
-22
Calculate -10 + (33 - 52) - -34.
5
What is -19 - -20 - (3 - 3 - (0 - 0))?
1
What is the value of (6 - (-4 + (-4 - -1))) + -3?
10
What is the value of 35 + -30 - (1 - -1)?
3
47 - (2 + 12 + 11)
22
What is the value of (-5 - (-4 + 6 + -1)) + 7 + -2?
-1
-2 + -9 - -11 - (0 + 4)
-4
Evaluate 1 + (-28 - (-3 - (3 + 1) - 1)).
-19
What is the value of (-41 - -36) + (-11 + 3 - -4) + 4?
-5
Evaluate (5 + -2 - 6) + -5 + (23 - 6).
9
(0 - -67) + (303 - 338)
32
What is the value of -10 - (9 + (6 - 26)) - -8?
9
0 + (-7 - -7) + (-5 - -6)
1
Calculate 3 + -1 - ((11 - -12) + -26).
5
What is the value of (-558 - -566) + (1 - 24)?
-15
-70 - -51 - (-3 - (-1 - 0))
-17
What is the value of -1 - 5 - (5 + (-11 - -5))?
-5
Calculate 289 + -286 + 2 + 0 + 2.
7
Evaluate 9 - (8 + -3 - -1).
3
What is (4 - (-4 + 11) - 4) + -11?
-18
What is -4 + (-4 + -3 - -4) - -7?
0
Evaluate -11 + -11 + 12 + 0 + 4.
-6
What is 9 + (11 - 22) - (10 + 0 + -1)?
-11
What is 8 + -35 + 7 + 5?
-15
Evaluate 7 - (17 + 2 + -15) - (1 + 18).
-16
-5 + 16 + -6 + (6 - -1 - 1)
11
Evaluate 5 + -3 - (22 - 55).
35
15 + -1 - (-307 - -301)
20
What is (13 - (0 - -12)) + -20?
-19
Calculate 17 + -8 - 16 - -18.
11
What is (73 - 75) + 1 + (1 - 6)?
-6
Calculate 1 - -16 - (-14 - 14 - -31).
14
What is -2 - 1 - (27 + -70 - (-11 - 0))?
29
7 - 10 - (5 + -5) - -5 - 12
-10
6 + -8 + 6 - ((10 - 14) + 0)
8
What is the value of (0 - -2) + 2 + 3 + -5?
2
What is the value of -3 + -1 + 8 + -9 + 7?
2
Calculate -2 + 27 + (-125 - -137).
37
What is the value of (-16 - (-5 - 9)) + 0 + -12 + 1?
-13
What is the value of (-1 - 4) + (17 + -7 - -4) - 6?
3
What is the value of (18 - (2 - -22)) + 7?
1
What is the value of (-412 - -419) + (-1 - -9)?
15
Evaluate 8 + -2 + 1 - (-10 + -52 + 71).
-2
What is the value of 0 + (0 - 7) + 9 - (6 - 0)?
-4
Calculate 3 - (-1 + -4 + -3 + (-16 - -19)).
8
What is the value of (130 - 132) + -1 + -2 + 2 + -5?
-8
1 + (3 - 3) + (4 - 5)
0
Calculate -4 + (-4 - -12) + -18 + 1.
-13
0 + 0 + 2 + -55 + (-27 - -62)
-18
What is 20 + -10 + 14 + -26?
-2
Evaluate 7 + (1 + -13 - (438 - 443)).
0
Calculate (10 + -9 - -5 - 3) + -15.
-12
What is the value of -25 - (-19 + 6 - -5)?
-17
What is -14 - (0 + -16 - -1)?
1
(12 - (-9 + 14 + 0)) + -25
-18
-14 - (-102 - -106 - (9 + -2 + 0))
-11
Evaluate (14 - (0 + -1)) + (125 - 122).
18
What is -15 + 13 - ((-1 + 4 - 7) + -1)?
3
-16 - -13 - -1 - (18 + -2)
-18
What is 9 + (-11 - (-5 + 2 - -8))?
-7
What is the value of 829 + -832 + (-2 - (-2 - -1) - -2)?
-2
What is the value of 4 + -10 - (-3 - -2) - (1 + 5)?
-11
What is -1 + 20 + (9 - (4 - 2)) + -12?
14
What is -7 + 9 + (1 - -10) + (82 - 82)?
13
-11 + (10 - (0 - 0)) - (-1 - 0)
0
Evaluate 169 + -156 + (-37 - -6).
-18
Calculate -6 + -2 + -4 + -1 + (38 - 23).
2
Calculate -23 - -28 - (4 + (-10 - 0)).
11
Evaluate -14 + (0 - 8 - 3) + -6.
-31
What is (-1 - 1 - -2 - 10) + 0?
-10
Calculate -14 + (1 - -16 - (11 + -2)).
-6
What is the value of -28 + 4 - (-10 - -1) - -34?
19
What is -12 + 27 + -10 - (3 + 0 + -3)?
5
1 - (1 - -9) - (23 + (15 - 33))
-14
Evaluate -357 - -362 - (0 + -3 - (6 + 0)).
14
1 + 20 + 0 + (-1760 - -1730)
-9
Calculate -7 + -6 + (90 - 75).
2
Calculate 25 - (-2 + 20 + 0 - (-62 - -71)).
16
Calculate -8 - (-3 - 0) - (3 - (-6 - -3)).
-11
What is (5 - -9) + 0 - (-25 - -22)?
17
What is -439 + 459 + -14 + -1?
5
What is the value of (-13 + 13 + -5 - -26) + -3?
18
Evaluate -3 - (-1 - (15 - (-13 - -5))).
21
What is 1 + -1 - (7 + -14 + 25)?
-18
What is (7 - 8) + (-2 - 4) - 10?
-17
What is 5 + 6 - (-44 - -43 - (1 - 4))?
9
Calculate -12 - (-1 - 5 - -2).
-8
Calculate -1 + (1 - 7) - (26 + -29) - -9.
5
What is (-20 - -26) + (-3 - (-5 + 2) - -3)?
9
What is 6 + -13 - (40 + -4 + -13)?
-30
Calculate -5 + (-4 + 6 - 5) - 4.
-12
7 - (2 - (-1 + 5)) - (133 - 134)
10
What is the value of -30 + -4 + (103 - 67)?
2
Evaluate 6 + 2 + 0 - (34 + -29).
3
(-56 - -65 - (10 - 0)) + 16
15
What is the value of -5 - (3 - 6) - (4 + (7 - 2))?
-11
Evaluate (1 + -2 - (7 + -21)) + (11 - 14).
10
-21 + 23 + 8 + (-1 - -2)
11
(-26 - 3) + 22 + (-9 - -2)
-14
Evaluate (21 - (21 - 17)) + (-4 - (1 - 3)).
15
Evaluate 0 - (1 + 9 + -8 + 5 - 24).
17
8 + (-20 + 20 - (1 + 4))
3
Calculate 0 - ((4 - 3) + 2 + 7 + -16).
6
Evaluate -10 + (4 - (-6 + -5 - -7 - -13)).
-15
What is (25 - 5) + (-27 - -12)?
5
Calculate -3 - -10 - (-338 - -318).
27
Calculate (8 - 17 - 3) + (2 - 3).
-13
Evaluate 8 + -17 + -1 + -4.
-14
What is the value of -21 + 30 - (-3 + -8 + 3)?
17
(-461 - -471) + -2 + 3 + 2
13
What is 15 - 2 - (2 + -5 + -1)?
17
Evaluate -7 - -2 - -8 - (10 - 1).
-6
What is 2 - (-12 - -6) - (-4 - 9)?
21
Calculate (1 - (4 + -2)) + -7 + 16 + -20.
-12
What is the value of (0 - -3 - -18) + 71 + -75?
17
Calculate (14 - 34) + 15 - 16.
-21
What is (-7 - 13) + 9 - -10?
-1
Evaluate (-3 + 1 - (-26 + -14 + 35)) + -21.
-18
10 + -11 + -14 + 8
-7
What is the value of 11 + (-43 - -1 - (109 + -125))?
-15
Calculate 0 + 10 + -12 - -7.
5
Evaluate (2 - -3) + 10 + -5 + -1 + -7.
2
Evaluate 9 + (-21 - (-14 - -7) - -28).
23
-8 - (11 - -26 - 34)
-11
Calculate (5 - 22) + 18 + -16 + 1.
-14
What is the value of 23 + 42 + -64 + 9?
10
Evaluate 0 + (-18 - -1) + (-15 + 57 - 46).
-21
Calculate -6 + 3 + (9 - -7).
13
What is the value of (4 - (1 - 5)) + -12 + 0 + 15?
11
-12 + 6 + (2 - (-10 - -10))
-4
What is 10 - (17 + (-15 - -6))?
2
What is 42 + -44 - (12 + 2 + (0 - 1))?
-15
Evaluate (2 + 14 - 14) + 0 + -9.
-7
-13 + -4 + 8 + -12 + 45
24
Evaluate 14 + -25 + 12 - (2 + -3).
2
Calculate -17 + (2 - (-5 - (-15 + 7))) + -9.
-27
Calculate 9 + -11 + 2 + -7 + 8.
1
-12 - (-3 - 16) - 3
4
Evaluate (2 - (-2 + 11)) + -5.
-12
16 + (-16 + 8 - 2)
6
Calculate 0 + -2 + -1 + -2 - (6 - 24).
13
1 + (-3 - 0 - 9) - (-2 - -1)
-10
What is the value of (-28 - -19 - (8 + -20)) + -38?
-35
Calculate 9 + (5 - (11 + -2 + -7 + 34)).
-22
-3 + 17 + -24 - -4
-6
Calculate (3 - 5) + 6 + -4 - -10.
10
Evaluate -5 + -4 - (-31 - (1 - 8)).
15
What is (29 - (8 - -5)) + -16?
0
Calculate (30 - (59 - 47)) + 1 + -14.
5
-3 + (-2 + -2 - (5 + -7 + 2))
-7
What is the value of -9 - (-4 + (21 - 14))?
-12
Evaluate -470 - -469 - ((27 - -2) + 2).
-32
Calculate (5 - 2 - 4) + (2 - -1) + 3.
5
Calculate (46 - (-2 - (-9 + 6) - -3)) + -11.
31
69 + -65 + (-3 - (-3 + 1) - 1)
2
What is the value of (-14 - -5) + (